5 - 375. What is the units digit of ((-8)/(-24))/(2/x)?
9
Let r(b) = 6*b**2 - 10*b + 6. Let a(g) = g**2 - 1. Let c(n) = 5*a(n) - r(n). Let l be c(8). Suppose -l*q + 4 + 1 = 0. What is the units digit of q?
1
Let m = -1 - -5. Let b = m + 4. What is the units digit of b?
8
Suppose 3*o - 49 = -5*p, 3*o - 41 = 3*p - 7*p. What is the units digit of p?
8
Suppose -5*t = -13*t + 1272. What is the tens digit of t?
5
Let p(y) be the second derivative of -y**5/20 + y**4/2 - y**3/3 + y**2 - y. What is the units digit of p(5)?
7
Suppose 2*a + 6 = 0, -4*a + 93 = 5*k - 5*a. What is the tens digit of k?
1
Let w(s) = 26*s**3 - 2*s**2 + 1. What is the units digit of w(1)?
5
Let b(f) = -f + 11. Let q be b(9). Let y be 46/10 + 4/10. Suppose -p = -y*t + 45, -4*t + q*p + 30 = -0*p. What is the tens digit of t?
1
Let w be 1 - -4*(-2 - 29). What is the units digit of 4/(-6) + w/(-9)?
3
What is the tens digit of (0 + -3 + 4)*29?
2
Let p(d) = d**3 - 10*d**2 - 6*d - 37. What is the tens digit of p(11)?
1
Suppose 5*l = 2*l + 3. Let i be (((-12)/3)/(-2))/(-2). What is the units digit of (i + l - -3) + -2?
1
Suppose 6*j - 231 = -j. What is the tens digit of j?
3
Let b(s) = -s**2 - 6*s. Let z be b(-3). Let a = 25 - z. What is the units digit of a?
6
Let u(b) = 3*b**2 - 4*b. Let o(n) = 2*n**2 - 3*n. Let r(x) = -4*o(x) + 3*u(x). Let j be r(2). Suppose -j*m = -0 - 32. What is the units digit of m?
8
Let m be (-2)/(-8) + (-38)/(-8). Let r be (-2)/5 - (-17)/m. Suppose -2 = r*g - 3*k - 11, 2*k = -2*g + 18. What is the units digit of g?
6
Let p = 26 + -15. Let t = -6 + p. What is the units digit of t?
5
What is the tens digit of 0/(-1) + (14 - -37)?
5
Let m = -10 + 24. Let k(h) = h**2 - 13*h - 9. What is the units digit of k(m)?
5
Let n(h) = -13*h**3 - 2*h**2 - h + 7. What is the units digit of n(-3)?
3
Suppose 0 = v + v - u - 8, 12 = 2*v - 3*u. Let d be 4/10 - (-346)/10. Suppose -d = -2*z - v*z. What is the units digit of z?
7
Let o(i) = i**2 + 10*i + 7. What is the units digit of o(-15)?
2
Let q(i) = -2*i - 3. Suppose -3*w - 8 = 1. Let f be q(w). Suppose 2*g + f*r - 17 = -6, 0 = -5*r - 15. What is the tens digit of g?
1
Suppose -5*u - 6*c + c = -180, -5*c = 2*u - 84. What is the tens digit of u?
3
Let b(s) be the first derivative of 2*s**2 - 8*s + 4. What is the units digit of b(6)?
6
Suppose -r - c + 24 = 0, 5*c + 4 - 9 = 0. What is the tens digit of r?
2
Suppose 5*d - 3*c - c + 5 = 0, 3*c = 3*d + 6. What is the units digit of 18 - (d + -2 + 2)?
5
What is the hundreds digit of 125 + (-1 - ((-1 - 2) + 1))?
1
Suppose -c + 0 = 3*q - 2, -3*q + 2*c + 14 = 0. Let u(d) = d**3 - 3*d**2 + 3*d - 3. Let m be u(q). Let r = m - -10. What is the units digit of r?
9
Suppose 2*u = -5*u + 959. What is the tens digit of u?
3
Let b(o) = o**3 - 5*o**2 - 19*o + 13. What is the tens digit of b(9)?
6
What is the units digit of (-4)/(-28)*191 + 2/(-7)?
7
Let j(r) = r**3 + 8*r**2 + 6*r - 6. Suppose -5 = -3*h - 26. Let m be j(h). What is the units digit of 5/(-1*(m - 2))?
5
Suppose 9 = 4*k - 15. What is the units digit of 2*-3*(-7)/k?
7
Let f be (-2 - (-3 + 3)) + 5. Suppose 2*h - f*v = -4*v + 13, 0 = -3*h + 3*v + 33. Let w(x) = -x**2 + 10*x + 2. What is the tens digit of w(h)?
1
Let h = 55 + -36. Let w = -11 + h. Suppose -3*a - 2*u = -w, a + 4*u = 10 - 4. What is the units digit of a?
2
Let r(y) = y**3 - 8*y**2 - 8*y - 4. Let k be r(9). Let m = k + -3. Suppose m*c - 30 = 3*w, -5*c - 3*w + 6 + 27 = 0. What is the units digit of c?
9
Let g be (8/(-3))/(2/(-3)). Suppose t - g = -t. Suppose -t = o - 3*o. What is the units digit of o?
1
Let d = -446 - -779. What is the units digit of d?
3
Let p(b) = -b**2. Let u(y) = -6*y**2 + 2*y - 3. Let x(j) = p(j) - u(j). What is the units digit of x(3)?
2
Suppose 4*j - 6 = 3*j. Suppose -j*t + 2*t - 76 = 4*n, 2*t - 2*n = -42. Let g = -8 - t. What is the tens digit of g?
1
Let b(u) = u**3 + u**2 - u + 5. Let p be b(0). Let k(g) = g**2 - 4*g + 6. What is the tens digit of k(p)?
1
Let j = 52 + -23. Suppose -3 - j = -4*r. What is the units digit of r?
8
Let l = 10 - 8. Suppose -l*z = z - 36. What is the units digit of z?
2
Suppose 2*c - 272 = 2*n, -4*c = -2*n + 4*n - 556. What is the units digit of c?
8
Let o = -1 + 4. What is the tens digit of 2*o*16/6?
1
Let a(h) = 9*h**2 + 1. Let p be a(-1). Suppose 10 = p*u - 8*u. Let j = u - -2. What is the units digit of j?
7
Let u(i) = -5*i**3 - 3*i**2 - 1. What is the hundreds digit of u(-3)?
1
Suppose 2*f = -3*h - h + 46, 5*h = 5*f + 20. Let w(b) = b**3 - 8*b**2 - 8*b - 7. Let r be w(h). What is the units digit of 0 - (1*-2)/r?
1
Let g(s) = 7*s**3 - s**2. Let b be g(1). Let p be 3/b*(1 + -5). What is the units digit of -1*(-2 + -9 - p)?
9
Suppose 3 = k - 0*k. Let l = k - 5. What is the units digit of l/(-3) - 7/(-3)?
3
Suppose -p - 5*x - 7 - 13 = 0, -4*p - 5*x = 20. Let t = 21 + -19. Suppose -3*f + 0*f = -t*q + 25, p = 3*f + 3. What is the units digit of q?
1
Let j(r) = -r**3 + 3. Let d be j(0). Let b = 4 - d. What is the units digit of b?
1
Suppose -q + 4*q = -5*g + 100, 67 = 2*q + 3*g. What is the units digit of q?
5
Let p(u) = 7*u**3 - u**2 - 4*u - 2. What is the tens digit of p(3)?
6
Let d be 36/4*10/3. Suppose -c = c - d. What is the tens digit of c?
1
What is the hundreds digit of 21593/65 - 8/(-10)?
3
Let t(z) = 2*z - 5. Let j be t(4). Let q(f) = -f**2 - f + 2. Let p be q(0). Suppose -22 = -j*s + p*x, -3*x + 12 = 4*s - s. What is the units digit of s?
6
Let r(d) = -d**2 + 19*d - 2. What is the tens digit of r(14)?
6
Suppose 12*v - 7*v - 815 = 0. What is the tens digit of v?
6
What is the units digit of 2424/42 + 2/7?
8
Suppose -36 = -2*p + 3*p. Let u = p - -61. What is the tens digit of u?
2
Let c = -4 - -7. Let v(g) = g**3 + c*g + 5*g**2 - 1 - g + 0. What is the units digit of v(-2)?
7
Let h = 6 - -1. Let y(u) = 2*u - 2. What is the tens digit of y(h)?
1
Let f(v) = 6 + 5*v + 2*v**2 - v**2 + 1. Let s = 18 - 23. What is the units digit of f(s)?
7
Suppose -10*b = -15*b - 5. Let r(t) = 23*t**2 + t. What is the tens digit of r(b)?
2
Let t(w) = -w**3 + 21*w**2 - 30*w + 64. What is the tens digit of t(19)?
1
Suppose -2*q - 2 = -3*c + 11, 5*q = -2*c + 15. Suppose 0 = -3*v - 0*x - 5*x + 80, x = -c*v + 104. What is the tens digit of v?
2
Let f be (-54)/(-10) + 6/(-15). Let b(w) = -w**3 + 5*w**2 + 4*w + 4. Let o be b(f). Suppose 2*s = 4*s - o. What is the units digit of s?
2
Let s(k) = -k**3 + 4*k**2 - 3*k. Let n be s(4). What is the tens digit of (-3)/n + (-86)/(-8)?
1
Suppose -9 = 4*s - 137. Suppose l = 6*l + 2*j - 19, -4*l = -4*j - s. What is the units digit of l?
5
Suppose 3*w - 481 = -2*s, 3*w = -w + 4*s + 668. What is the units digit of w?
3
Let f = 1 - -3. Let h be (43/f)/((-1)/(-4)). Suppose 3*r - 41 = -2*r - z, -h = -5*r - 3*z. What is the units digit of r?
8
Let w be (3/(-2))/((-3)/16). Let i be 15/4 - (-2)/w. Suppose -i*m - 16 = 0, -2*m + 8 = -2*l - 7*m. What is the units digit of l?
6
Suppose -p - 3 = -1. Let d = p - 2. Let f = 6 + d. What is the units digit of f?
2
Let v(k) = k**3 - 5*k**2 - 5*k - 2. Let d be v(6). Suppose 41 = 5*m + d*r, 3*m = -m + 4*r + 4. What is the units digit of m?
5
Suppose -5*s = -187 - 183. What is the units digit of s?
4
Suppose 0 = -2*o + o. Suppose 5*h = -r + 46, r - 2*h = -o*r + 32. What is the tens digit of r?
3
Let z = -17 - -59. What is the units digit of z?
2
Suppose 0 = -5*x + 15 + 10. Suppose z - 22 = 5*u, -4*z + 38 = -0*z + x*u. What is the units digit of z?
2
Suppose -q = 3*q - 104. What is the units digit of q?
6
What is the tens digit of 3 - (-37 - (2 + -5))?
3
Let b(z) = z**2 - 5*z + 8. What is the hundreds digit of b(13)?
1
Let y be (50/4)/(1/2). Let d = -2 - -4. Suppose -3*i - d*i + y = 0. What is the units digit of i?
5
Let n(z) = z**2 + z + 4. Let a be n(0). Let o = a - 1. What is the units digit of o?
3
Let z(g) = -g**3 + 4*g**2 + 11*g - 12. What is the tens digit of z(5)?
1
Let h(q) = 2*q + 60. What is the tens digit of h(0)?
6
Suppose -2*c + 0 = -20. Suppose 3*m = 5*m + c. Let t(p) = -p**2 - 8*p - 4. What is the tens digit of t(m)?
1
Suppose 5*a + 62 = 6*a. What is the units digit of a?
2
What is the tens digit of -1*-6*(-76)/(-3)?
5
Suppose 0 = -5*y - a + 5*a - 21, 5*y = a - 9. Let x = 5 + y. What is the units digit of x?
4
What is the units digit of 12135/90 - (-2)/12?